{"id":9462019,"date":"2024-06-03T09:26:04","date_gmt":"2024-06-03T09:26:04","guid":{"rendered":"https:\/\/tpohotelariaecasa.pt\/index.php\/product\/premium-fogao-de-infravermelhos-2-queimadores-unidade-simples-90-cm-de-profundidade-eletrico\/"},"modified":"2025-04-03T09:10:06","modified_gmt":"2025-04-03T09:10:06","slug":"premium-fogao-de-infravermelhos-2-queimadores-unidade-simples-90-cm-de-profundidade-eletrico","status":"publish","type":"product","link":"https:\/\/tpohotelariaecasa.pt\/index.php\/product\/premium-fogao-de-infravermelhos-2-queimadores-unidade-simples-90-cm-de-profundidade-eletrico\/","title":{"rendered":"Premium Fog\u00e3o de Infravermelhos &#8211; 2 Queimadores &#8211; Unidade Simples &#8211; 90 cm de Profundidade &#8211; El\u00e9trico"},"content":{"rendered":"<p><strong>Especifica\u00e7\u00f5es do produto<\/strong><\/p>\n<ul>\n<li>Peso l\u00edquido: 40kg<\/li>\n<li>Dimens\u00f5es: L40 x D90 x H28cm<\/li>\n<li>Pot\u00eancia el\u00e9ctrica total: 6,0 kW<\/li>\n<li>400V \/ 50Hz \/ 3 fases 6000W<\/li>\n<li>Zonas de aquecimento com um di\u00e2metro: 21-30cm<\/li>\n<\/ul>\n","protected":false},"excerpt":{"rendered":"<p>Esta robusta placa de infravermelhos tem dois queimadores e \u00e9 feita de partes robustas que lhe d\u00e3o uma longa vida \u00fatil Com uma superf\u00edcie de cozedura feita de vidro cer\u00e2mico espesso e com uma caixa de a\u00e7o inoxid\u00e1vel, esta placa pode resistir ao uso intensivo di\u00e1rio Al\u00e9m disso, \u00e9 bem adequada para ser colocada numa linha de cozedura. consulte Mais informa\u00e7\u00e3o<\/p>\n","protected":false},"featured_media":9462018,"comment_status":"open","ping_status":"closed","template":"","meta":[],"product_cat":[140,84],"product_tag":[],"class_list":["post-9462019","product","type-product","status-publish","has-post-thumbnail","hentry","product_cat-cozedura-aquecimento","product_cat-fogoesepanelas","product_shipping_class-pph"],"_links":{"self":[{"href":"https:\/\/tpohotelariaecasa.pt\/index.php\/wp-json\/wp\/v2\/product\/9462019"}],"collection":[{"href":"https:\/\/tpohotelariaecasa.pt\/index.php\/wp-json\/wp\/v2\/product"}],"about":[{"href":"https:\/\/tpohotelariaecasa.pt\/index.php\/wp-json\/wp\/v2\/types\/product"}],"replies":[{"embeddable":true,"href":"https:\/\/tpohotelariaecasa.pt\/index.php\/wp-json\/wp\/v2\/comments?post=9462019"}],"wp:featuredmedia":[{"embeddable":true,"href":"https:\/\/tpohotelariaecasa.pt\/index.php\/wp-json\/wp\/v2\/media\/9462018"}],"wp:attachment":[{"href":"https:\/\/tpohotelariaecasa.pt\/index.php\/wp-json\/wp\/v2\/media?parent=9462019"}],"wp:term":[{"taxonomy":"product_cat","embeddable":true,"href":"https:\/\/tpohotelariaecasa.pt\/index.php\/wp-json\/wp\/v2\/product_cat?post=9462019"},{"taxonomy":"product_tag","embeddable":true,"href":"https:\/\/tpohotelariaecasa.pt\/index.php\/wp-json\/wp\/v2\/product_tag?post=9462019"}],"curies":[{"name":"wp","href":"https:\/\/api.w.org\/{rel}","templated":true}]}}