{"id":9462045,"date":"2024-06-03T09:26:21","date_gmt":"2024-06-03T09:26:21","guid":{"rendered":"https:\/\/tpohotelariaecasa.pt\/index.php\/product\/premium-panela-bratt-80-l-90-cm-de-profundidade-eletrico-400v\/"},"modified":"2025-04-03T09:10:05","modified_gmt":"2025-04-03T09:10:05","slug":"premium-panela-bratt-80-l-90-cm-de-profundidade-eletrico-400v","status":"publish","type":"product","link":"https:\/\/tpohotelariaecasa.pt\/index.php\/product\/premium-panela-bratt-80-l-90-cm-de-profundidade-eletrico-400v\/","title":{"rendered":"Premium Panela Bratt &#8211; 80 l &#8211; 90 cm de Profundidade &#8211; El\u00e9trico &#8211; 400V"},"content":{"rendered":"<p><strong>Caracter\u00edsticas<\/strong><\/p>\n<ul>\n<li>fundo em a\u00e7o inoxid\u00e1vel com 8 mm de espessura<\/li>\n<li>Mecanismo de tampa articulada que permite abrir e fechar facilmente<\/li>\n<li>Temperatura ajust\u00e1vel de 120-300\u00b0C<\/li>\n<li>Term\u00f3stato de seguran\u00e7a para evitar o sobreaquecimento da frigideira<\/li>\n<li>Igni\u00e7\u00e3o piezoel\u00e9ctrica e luzes indicadoras de temperatura no painel frontal<\/li>\n<li>Equipado com v\u00e1lvula solenoide para \u00e1gua fria ou quente<\/li>\n<\/ul>\n<p><strong>Especifica\u00e7\u00f5es do produto<\/strong><\/p>\n<ul>\n<li>Peso l\u00edquido: 137,1 kg<\/li>\n<li>Capacidade l\u00edquida: 70L<\/li>\n<li>Dimens\u00f5es da superf\u00edcie de cozedura: L70 x P53cm<\/li>\n<li>Dimens\u00f5es do aparelho: L80 x P90 x A85cm<\/li>\n<li>Pot\u00eancia el\u00e9ctrica total: 9,0 kW<\/li>\n<li>Pot\u00eancia: 400V \/ 50Hz \/ 3 Fase 9000W<\/li>\n<\/ul>\n","protected":false},"excerpt":{"rendered":"<p>Com esta frigideira el\u00e9ctrica, ter\u00e1 sempre capacidade suficiente para cozer, assar, cozinhar ou estufar rapidamente grandes quantidades de refei\u00e7\u00f5es deliciosas. Foi fabricada inteiramente em a\u00e7o inoxid\u00e1vel e est\u00e1 equipada com uma panela interior basculante para facilitar o esvaziamento e a limpeza. consulte Mais informa\u00e7\u00e3o<\/p>\n","protected":false},"featured_media":9462044,"comment_status":"open","ping_status":"closed","template":"","meta":[],"product_cat":[21,778],"product_tag":[],"class_list":["post-9462045","product","type-product","status-publish","has-post-thumbnail","hentry","product_cat-restauracao","product_cat-panelas-basculantes","product_shipping_class-gph"],"_links":{"self":[{"href":"https:\/\/tpohotelariaecasa.pt\/index.php\/wp-json\/wp\/v2\/product\/9462045"}],"collection":[{"href":"https:\/\/tpohotelariaecasa.pt\/index.php\/wp-json\/wp\/v2\/product"}],"about":[{"href":"https:\/\/tpohotelariaecasa.pt\/index.php\/wp-json\/wp\/v2\/types\/product"}],"replies":[{"embeddable":true,"href":"https:\/\/tpohotelariaecasa.pt\/index.php\/wp-json\/wp\/v2\/comments?post=9462045"}],"wp:featuredmedia":[{"embeddable":true,"href":"https:\/\/tpohotelariaecasa.pt\/index.php\/wp-json\/wp\/v2\/media\/9462044"}],"wp:attachment":[{"href":"https:\/\/tpohotelariaecasa.pt\/index.php\/wp-json\/wp\/v2\/media?parent=9462045"}],"wp:term":[{"taxonomy":"product_cat","embeddable":true,"href":"https:\/\/tpohotelariaecasa.pt\/index.php\/wp-json\/wp\/v2\/product_cat?post=9462045"},{"taxonomy":"product_tag","embeddable":true,"href":"https:\/\/tpohotelariaecasa.pt\/index.php\/wp-json\/wp\/v2\/product_tag?post=9462045"}],"curies":[{"name":"wp","href":"https:\/\/api.w.org\/{rel}","templated":true}]}}