{"id":9462047,"date":"2024-06-03T09:26:22","date_gmt":"2024-06-03T09:26:22","guid":{"rendered":"https:\/\/tpohotelariaecasa.pt\/index.php\/product\/premium-fogao-2-queimadores-unidade-unica-90-cm-de-profundidade-eletrico\/"},"modified":"2025-04-03T09:10:05","modified_gmt":"2025-04-03T09:10:05","slug":"premium-fogao-2-queimadores-unidade-unica-90-cm-de-profundidade-eletrico","status":"publish","type":"product","link":"https:\/\/tpohotelariaecasa.pt\/index.php\/product\/premium-fogao-2-queimadores-unidade-unica-90-cm-de-profundidade-eletrico\/","title":{"rendered":"Premium Fog\u00e3o &#8211; 2 Queimadores &#8211; Unidade Unica &#8211; 90 cm de Profundidade &#8211; El\u00e9trico"},"content":{"rendered":"<p>Caracter\u00edsticas da placa el\u00e9ctrica premium:<\/p>\n<ul>\n<li>Placa com cantos arredondados para que seja f\u00e1cil de limpar<\/li>\n<li>Componentes para servi\u00e7o pesado<\/li>\n<li>Interruptor de seguran\u00e7a contra sobreaquecimento<\/li>\n<li>Placa individual tem 6 configura\u00e7\u00f5es<\/li>\n<li>Dimens\u00f5es para uma \u00fanica placa: L30 x D30cm<\/li>\n<li>Temperatura entre 90-450\u00b0C<\/li>\n<li>Constru\u00e7\u00e3o altamente dur\u00e1vel<\/li>\n<li>Desenho higi\u00e9nico<\/li>\n<\/ul>\n<p>Especifica\u00e7\u00f5es do produto:<\/p>\n<ul>\n<li>Peso l\u00edquido: 34,8kg<\/li>\n<li>Dimens\u00f5es do dispositivo: L40 x D90 x H28cm<\/li>\n<li>Queimadores de energia: 4,0 kW<\/li>\n<li>Pot\u00eancia el\u00e9ctrica total: 8,0 kW<\/li>\n<li>Pot\u00eancia: 400V \/ 50Hz \/ 3 fases 8000W<\/li>\n<\/ul>\n","protected":false},"excerpt":{"rendered":"<p>Esta placa elegantemente concebida e robusta com dois queimadores \u00e9 adequada para ser colocada numa linha de cozedura A caixa em a\u00e7o inoxid\u00e1vel e os fog\u00f5es em ferro fundido podem suportar uma utiliza\u00e7\u00e3o di\u00e1ria intensiva na cozinha de restaura\u00e7\u00e3o. S\u00e3o ambos eassim para operar e f\u00e1cil de limpar. consulte Mais informa\u00e7\u00e3o<\/p>\n","protected":false},"featured_media":9462046,"comment_status":"open","ping_status":"closed","template":"","meta":[],"product_cat":[140,84],"product_tag":[],"class_list":["post-9462047","product","type-product","status-publish","has-post-thumbnail","hentry","product_cat-cozedura-aquecimento","product_cat-fogoesepanelas","product_shipping_class-gph"],"_links":{"self":[{"href":"https:\/\/tpohotelariaecasa.pt\/index.php\/wp-json\/wp\/v2\/product\/9462047"}],"collection":[{"href":"https:\/\/tpohotelariaecasa.pt\/index.php\/wp-json\/wp\/v2\/product"}],"about":[{"href":"https:\/\/tpohotelariaecasa.pt\/index.php\/wp-json\/wp\/v2\/types\/product"}],"replies":[{"embeddable":true,"href":"https:\/\/tpohotelariaecasa.pt\/index.php\/wp-json\/wp\/v2\/comments?post=9462047"}],"wp:featuredmedia":[{"embeddable":true,"href":"https:\/\/tpohotelariaecasa.pt\/index.php\/wp-json\/wp\/v2\/media\/9462046"}],"wp:attachment":[{"href":"https:\/\/tpohotelariaecasa.pt\/index.php\/wp-json\/wp\/v2\/media?parent=9462047"}],"wp:term":[{"taxonomy":"product_cat","embeddable":true,"href":"https:\/\/tpohotelariaecasa.pt\/index.php\/wp-json\/wp\/v2\/product_cat?post=9462047"},{"taxonomy":"product_tag","embeddable":true,"href":"https:\/\/tpohotelariaecasa.pt\/index.php\/wp-json\/wp\/v2\/product_tag?post=9462047"}],"curies":[{"name":"wp","href":"https:\/\/api.w.org\/{rel}","templated":true}]}}