{"id":9467328,"date":"2024-06-04T15:44:42","date_gmt":"2024-06-04T15:44:42","guid":{"rendered":"https:\/\/tpohotelariaecasa.pt\/index.php\/product\/salamandra-a-lenha-metlor-sr-910\/"},"modified":"2025-01-29T12:14:16","modified_gmt":"2025-01-29T12:14:16","slug":"salamandra-a-lenha-metlor-sr-910","status":"publish","type":"product","link":"https:\/\/tpohotelariaecasa.pt\/index.php\/product\/salamandra-a-lenha-metlor-sr-910\/","title":{"rendered":"Salamandra A Lenha Metlor SR-910"},"content":{"rendered":"<p>Pot\u00eancia Nominal 6kW<br \/>  Rendimento 82,3%<br \/>  CO(%) (13% O2) 0,063<br \/>  NOx | COV | Particulas 98 | 116 | 21 mg\/m3<br \/>  Temperatura dos Gases 231\u00baC<br \/>  ControloTermoclik 50\u00baC<br \/>  Ventila\u00e7\u00e3o 340m3<br \/>  Comprimento max. da Lenha 320mm<br \/>  Sa\u00edda de Fumos \u00d8 120mm<br \/>  Medidas A806xL595xP605mm<\/p>\n","protected":false},"excerpt":{"rendered":"<p>Pot\u00eancia Nominal 6kW Rendimento 82,3% CO(%) (13% O2) 0,063 NOx | COV | Particulas 98 | 116 | 21 mg\/m3 Temperatura dos Gases 231\u00baC ControloTermoclik 50\u00baC Ventila\u00e7\u00e3o 340m3 Comprimento max. da Lenha 320mm Sa\u00edda de Fumos \u00d8 120mm Medidas A806xL595xP605mm<\/p>\n","protected":false},"featured_media":9467327,"comment_status":"open","ping_status":"closed","template":"","meta":[],"product_cat":[542],"product_tag":[],"class_list":["post-9467328","product","type-product","status-publish","has-post-thumbnail","hentry","product_cat-aquecimento-a-lenha","product_shipping_class-gpolg"],"_links":{"self":[{"href":"https:\/\/tpohotelariaecasa.pt\/index.php\/wp-json\/wp\/v2\/product\/9467328"}],"collection":[{"href":"https:\/\/tpohotelariaecasa.pt\/index.php\/wp-json\/wp\/v2\/product"}],"about":[{"href":"https:\/\/tpohotelariaecasa.pt\/index.php\/wp-json\/wp\/v2\/types\/product"}],"replies":[{"embeddable":true,"href":"https:\/\/tpohotelariaecasa.pt\/index.php\/wp-json\/wp\/v2\/comments?post=9467328"}],"wp:featuredmedia":[{"embeddable":true,"href":"https:\/\/tpohotelariaecasa.pt\/index.php\/wp-json\/wp\/v2\/media\/9467327"}],"wp:attachment":[{"href":"https:\/\/tpohotelariaecasa.pt\/index.php\/wp-json\/wp\/v2\/media?parent=9467328"}],"wp:term":[{"taxonomy":"product_cat","embeddable":true,"href":"https:\/\/tpohotelariaecasa.pt\/index.php\/wp-json\/wp\/v2\/product_cat?post=9467328"},{"taxonomy":"product_tag","embeddable":true,"href":"https:\/\/tpohotelariaecasa.pt\/index.php\/wp-json\/wp\/v2\/product_tag?post=9467328"}],"curies":[{"name":"wp","href":"https:\/\/api.w.org\/{rel}","templated":true}]}}