{"id":9467336,"date":"2024-06-04T15:44:51","date_gmt":"2024-06-04T15:44:51","guid":{"rendered":"https:\/\/tpohotelariaecasa.pt\/index.php\/product\/salamandra-a-lenha-metlor-tuga\/"},"modified":"2025-01-29T12:14:16","modified_gmt":"2025-01-29T12:14:16","slug":"salamandra-a-lenha-metlor-tuga","status":"publish","type":"product","link":"https:\/\/tpohotelariaecasa.pt\/index.php\/product\/salamandra-a-lenha-metlor-tuga\/","title":{"rendered":"Salamandra A Lenha Metlor Tuga"},"content":{"rendered":"<p>Pot\u00eancia Nominal 7,8kW<br \/>  Rendimento 80,7%<br \/>  CO(%) (13% O2) 0,085<br \/>  Temperatura dos Gases 245\u00baC<br \/>  NOx | COV | Particulas 112 | 85 | 36mg\/m3<br \/>  Comprimento max. da Lenha 450mm<br \/>  Sa\u00edda de Fumos \u00d8 150mm<br \/>  Peso 95kg<br \/>  Dimens\u00f5es (AxLxP) 704x735x400mm<\/p>\n","protected":false},"excerpt":{"rendered":"<p>Pot\u00eancia Nominal 7,8kW Rendimento 80,7% CO(%) (13% O2) 0,085 Temperatura dos Gases 245\u00baC NOx | COV | Particulas 112 | 85 | 36mg\/m3 Comprimento max. da Lenha 450mm Sa\u00edda de Fumos \u00d8 150mm Peso 95kg Dimens\u00f5es (AxLxP) 704x735x400mm<\/p>\n","protected":false},"featured_media":9467335,"comment_status":"open","ping_status":"closed","template":"","meta":[],"product_cat":[542],"product_tag":[],"class_list":["post-9467336","product","type-product","status-publish","has-post-thumbnail","hentry","product_cat-aquecimento-a-lenha","product_shipping_class-gpolg"],"_links":{"self":[{"href":"https:\/\/tpohotelariaecasa.pt\/index.php\/wp-json\/wp\/v2\/product\/9467336"}],"collection":[{"href":"https:\/\/tpohotelariaecasa.pt\/index.php\/wp-json\/wp\/v2\/product"}],"about":[{"href":"https:\/\/tpohotelariaecasa.pt\/index.php\/wp-json\/wp\/v2\/types\/product"}],"replies":[{"embeddable":true,"href":"https:\/\/tpohotelariaecasa.pt\/index.php\/wp-json\/wp\/v2\/comments?post=9467336"}],"wp:featuredmedia":[{"embeddable":true,"href":"https:\/\/tpohotelariaecasa.pt\/index.php\/wp-json\/wp\/v2\/media\/9467335"}],"wp:attachment":[{"href":"https:\/\/tpohotelariaecasa.pt\/index.php\/wp-json\/wp\/v2\/media?parent=9467336"}],"wp:term":[{"taxonomy":"product_cat","embeddable":true,"href":"https:\/\/tpohotelariaecasa.pt\/index.php\/wp-json\/wp\/v2\/product_cat?post=9467336"},{"taxonomy":"product_tag","embeddable":true,"href":"https:\/\/tpohotelariaecasa.pt\/index.php\/wp-json\/wp\/v2\/product_tag?post=9467336"}],"curies":[{"name":"wp","href":"https:\/\/api.w.org\/{rel}","templated":true}]}}