{"id":9467416,"date":"2024-06-04T15:46:00","date_gmt":"2024-06-04T15:46:00","guid":{"rendered":"https:\/\/tpohotelariaecasa.pt\/index.php\/product\/termoventilador-blackdecker-bxsh-2003-e-cx-6\/"},"modified":"2025-01-29T12:14:14","modified_gmt":"2025-01-29T12:14:14","slug":"termoventilador-blackdecker-bxsh-2003-e-cx-6","status":"publish","type":"product","link":"https:\/\/tpohotelariaecasa.pt\/index.php\/product\/termoventilador-blackdecker-bxsh-2003-e-cx-6\/","title":{"rendered":"Termoventilador Black&amp;decker BXSH-2003-E CX.6"},"content":{"rendered":"<p>2 modos de funcionamento (1000W \/ 2000W) e  termostato ajust\u00e1vel para aquecer de forma r\u00e1pida e eficiente.<br \/>  Modo ventilador para criar circula\u00e7\u00e3o de ar e refrescar a casa.<br \/>  Desliga-se automaticamente se se tombar ou em caso de sobreaquecimento.<br \/>  Asa incorporada para um transporte mais c\u00f3modo. <br \/>  Perfeito para aquecer \u00e1reas at\u00e9 15m2.<br \/>  Medidas: 21.5 x 10 x 21 cm  <\/p>\n","protected":false},"excerpt":{"rendered":"<p>2 modos de funcionamento (1000W \/ 2000W) e termostato ajust\u00e1vel para aquecer de forma r\u00e1pida e eficiente. Modo ventilador para criar circula\u00e7\u00e3o de ar e refrescar a casa. Desliga-se automaticamente se se tombar ou em caso de sobreaquecimento. Asa incorporada para um transporte mais c\u00f3modo. Perfeito para aquecer \u00e1reas at\u00e9 15m2. Medidas: 21.5 x 10 [&hellip;]<\/p>\n","protected":false},"featured_media":9467415,"comment_status":"open","ping_status":"closed","template":"","meta":[],"product_cat":[516],"product_tag":[],"class_list":["post-9467416","product","type-product","status-publish","has-post-thumbnail","hentry","product_cat-portatil","product_shipping_class-gpolp"],"_links":{"self":[{"href":"https:\/\/tpohotelariaecasa.pt\/index.php\/wp-json\/wp\/v2\/product\/9467416"}],"collection":[{"href":"https:\/\/tpohotelariaecasa.pt\/index.php\/wp-json\/wp\/v2\/product"}],"about":[{"href":"https:\/\/tpohotelariaecasa.pt\/index.php\/wp-json\/wp\/v2\/types\/product"}],"replies":[{"embeddable":true,"href":"https:\/\/tpohotelariaecasa.pt\/index.php\/wp-json\/wp\/v2\/comments?post=9467416"}],"wp:featuredmedia":[{"embeddable":true,"href":"https:\/\/tpohotelariaecasa.pt\/index.php\/wp-json\/wp\/v2\/media\/9467415"}],"wp:attachment":[{"href":"https:\/\/tpohotelariaecasa.pt\/index.php\/wp-json\/wp\/v2\/media?parent=9467416"}],"wp:term":[{"taxonomy":"product_cat","embeddable":true,"href":"https:\/\/tpohotelariaecasa.pt\/index.php\/wp-json\/wp\/v2\/product_cat?post=9467416"},{"taxonomy":"product_tag","embeddable":true,"href":"https:\/\/tpohotelariaecasa.pt\/index.php\/wp-json\/wp\/v2\/product_tag?post=9467416"}],"curies":[{"name":"wp","href":"https:\/\/api.w.org\/{rel}","templated":true}]}}