{"id":9474581,"date":"2024-07-09T08:45:46","date_gmt":"2024-07-09T08:45:46","guid":{"rendered":"https:\/\/tpohotelariaecasa.pt\/index.php\/product\/cortador-de-carne-lamina-de-o30-cm\/"},"modified":"2025-04-03T09:09:37","modified_gmt":"2025-04-03T09:09:37","slug":"cortador-de-carne-lamina-de-o30-cm","status":"publish","type":"product","link":"https:\/\/tpohotelariaecasa.pt\/index.php\/product\/cortador-de-carne-lamina-de-o30-cm\/","title":{"rendered":"Cortador de Carne &#8211; L\u00e2mina de \u00d830 cm"},"content":{"rendered":"","protected":false},"excerpt":{"rendered":"<p>Este cortador de carne profissional \u00e9 feito de alum\u00ednio e a\u00e7o inoxid\u00e1vel endurecido. A faca tem um di\u00e2metro de 30 cm e corta fatias finas de carne, queijo, p\u00e3o e legumes com facilidade. Gra\u00e7as \u00e0 sua facilidade de utiliza\u00e7\u00e3o e seguran\u00e7a, \u00e9 uma adi\u00e7\u00e3o bem-vinda a qualquer cozinha de restaura\u00e7\u00e3o. consulte Mais informa\u00e7\u00e3o<\/p>\n","protected":false},"featured_media":9474580,"comment_status":"open","ping_status":"closed","template":"","meta":[],"product_cat":[21,120],"product_tag":[],"class_list":["post-9474581","product","type-product","status-publish","has-post-thumbnail","hentry","product_cat-restauracao","product_cat-fiambreiras","product_shipping_class-pph"],"_links":{"self":[{"href":"https:\/\/tpohotelariaecasa.pt\/index.php\/wp-json\/wp\/v2\/product\/9474581"}],"collection":[{"href":"https:\/\/tpohotelariaecasa.pt\/index.php\/wp-json\/wp\/v2\/product"}],"about":[{"href":"https:\/\/tpohotelariaecasa.pt\/index.php\/wp-json\/wp\/v2\/types\/product"}],"replies":[{"embeddable":true,"href":"https:\/\/tpohotelariaecasa.pt\/index.php\/wp-json\/wp\/v2\/comments?post=9474581"}],"wp:featuredmedia":[{"embeddable":true,"href":"https:\/\/tpohotelariaecasa.pt\/index.php\/wp-json\/wp\/v2\/media\/9474580"}],"wp:attachment":[{"href":"https:\/\/tpohotelariaecasa.pt\/index.php\/wp-json\/wp\/v2\/media?parent=9474581"}],"wp:term":[{"taxonomy":"product_cat","embeddable":true,"href":"https:\/\/tpohotelariaecasa.pt\/index.php\/wp-json\/wp\/v2\/product_cat?post=9474581"},{"taxonomy":"product_tag","embeddable":true,"href":"https:\/\/tpohotelariaecasa.pt\/index.php\/wp-json\/wp\/v2\/product_tag?post=9474581"}],"curies":[{"name":"wp","href":"https:\/\/api.w.org\/{rel}","templated":true}]}}