{"id":9489541,"date":"2025-03-18T16:26:50","date_gmt":"2025-03-18T16:26:50","guid":{"rendered":"https:\/\/tpohotelariaecasa.pt\/index.php\/product\/maquina-de-decoracao-de-bolos-o-36-4-cm-azul\/"},"modified":"2025-04-03T09:10:12","modified_gmt":"2025-04-03T09:10:12","slug":"maquina-de-decoracao-de-bolos-o-36-4-cm-azul","status":"publish","type":"product","link":"https:\/\/tpohotelariaecasa.pt\/index.php\/product\/maquina-de-decoracao-de-bolos-o-36-4-cm-azul\/","title":{"rendered":"M\u00e1quina de Decora\u00e7\u00e3o de Bolos &#8211; \u00d8 36.4 cm &#8211; Azul"},"content":{"rendered":"","protected":false},"excerpt":{"rendered":"<p>Com esta elegante m\u00e1quina de decora\u00e7\u00e3o de bolos azul, ir\u00e1 criar bolos profissionalmente lisos de forma r\u00e1pida e f\u00e1cil. Diga adeus aos lados tortos e aos topos irregulares &#8211; esta m\u00e1quina garante sempre um acabamento impecavelmente suave. consulte Mais informa\u00e7\u00e3o<\/p>\n","protected":false},"featured_media":9489540,"comment_status":"open","ping_status":"closed","template":"","meta":[],"product_cat":[791,21],"product_tag":[],"class_list":["post-9489541","product","type-product","status-publish","has-post-thumbnail","hentry","product_cat-decoracao-de-bolos","product_cat-restauracao","product_shipping_class-gph"],"_links":{"self":[{"href":"https:\/\/tpohotelariaecasa.pt\/index.php\/wp-json\/wp\/v2\/product\/9489541"}],"collection":[{"href":"https:\/\/tpohotelariaecasa.pt\/index.php\/wp-json\/wp\/v2\/product"}],"about":[{"href":"https:\/\/tpohotelariaecasa.pt\/index.php\/wp-json\/wp\/v2\/types\/product"}],"replies":[{"embeddable":true,"href":"https:\/\/tpohotelariaecasa.pt\/index.php\/wp-json\/wp\/v2\/comments?post=9489541"}],"wp:featuredmedia":[{"embeddable":true,"href":"https:\/\/tpohotelariaecasa.pt\/index.php\/wp-json\/wp\/v2\/media\/9489540"}],"wp:attachment":[{"href":"https:\/\/tpohotelariaecasa.pt\/index.php\/wp-json\/wp\/v2\/media?parent=9489541"}],"wp:term":[{"taxonomy":"product_cat","embeddable":true,"href":"https:\/\/tpohotelariaecasa.pt\/index.php\/wp-json\/wp\/v2\/product_cat?post=9489541"},{"taxonomy":"product_tag","embeddable":true,"href":"https:\/\/tpohotelariaecasa.pt\/index.php\/wp-json\/wp\/v2\/product_tag?post=9489541"}],"curies":[{"name":"wp","href":"https:\/\/api.w.org\/{rel}","templated":true}]}}