{"id":9489577,"date":"2025-03-18T16:27:03","date_gmt":"2025-03-18T16:27:03","guid":{"rendered":"https:\/\/tpohotelariaecasa.pt\/index.php\/product\/maquina-churros-12-l-4-formas-de-churros-2-velocidades\/"},"modified":"2025-04-03T09:10:11","modified_gmt":"2025-04-03T09:10:11","slug":"maquina-churros-12-l-4-formas-de-churros-2-velocidades","status":"publish","type":"product","link":"https:\/\/tpohotelariaecasa.pt\/index.php\/product\/maquina-churros-12-l-4-formas-de-churros-2-velocidades\/","title":{"rendered":"M\u00e1quina Churros &#8211; 12 l &#8211; 4 Formas de Churros &#8211; 2 Velocidades"},"content":{"rendered":"","protected":false},"excerpt":{"rendered":"<p>Esta m\u00e1quina de churros \u00e9 adequada para uso profissional na cozinha de restaura\u00e7\u00e3o e tem uma capacidade de enchimento de 12L. Todas as partes desta m\u00e1quina de churros s\u00e3o feitas de a\u00e7o inoxid\u00e1vel, tornando este aparelho f\u00e1cil de limpar. Al\u00e9m disso, a m\u00e1quina de churros \u00e9 fornecida com quatro tubos de enchimento diferentes. consulte Mais informa\u00e7\u00e3o<\/p>\n","protected":false},"featured_media":9489576,"comment_status":"open","ping_status":"closed","template":"","meta":[],"product_cat":[21,92],"product_tag":[],"class_list":["post-9489577","product","type-product","status-publish","has-post-thumbnail","hentry","product_cat-restauracao","product_cat-mquina-de-churros","product_shipping_class-pph"],"_links":{"self":[{"href":"https:\/\/tpohotelariaecasa.pt\/index.php\/wp-json\/wp\/v2\/product\/9489577"}],"collection":[{"href":"https:\/\/tpohotelariaecasa.pt\/index.php\/wp-json\/wp\/v2\/product"}],"about":[{"href":"https:\/\/tpohotelariaecasa.pt\/index.php\/wp-json\/wp\/v2\/types\/product"}],"replies":[{"embeddable":true,"href":"https:\/\/tpohotelariaecasa.pt\/index.php\/wp-json\/wp\/v2\/comments?post=9489577"}],"wp:featuredmedia":[{"embeddable":true,"href":"https:\/\/tpohotelariaecasa.pt\/index.php\/wp-json\/wp\/v2\/media\/9489576"}],"wp:attachment":[{"href":"https:\/\/tpohotelariaecasa.pt\/index.php\/wp-json\/wp\/v2\/media?parent=9489577"}],"wp:term":[{"taxonomy":"product_cat","embeddable":true,"href":"https:\/\/tpohotelariaecasa.pt\/index.php\/wp-json\/wp\/v2\/product_cat?post=9489577"},{"taxonomy":"product_tag","embeddable":true,"href":"https:\/\/tpohotelariaecasa.pt\/index.php\/wp-json\/wp\/v2\/product_tag?post=9489577"}],"curies":[{"name":"wp","href":"https:\/\/api.w.org\/{rel}","templated":true}]}}