{"id":9489587,"date":"2025-03-18T16:27:06","date_gmt":"2025-03-18T16:27:06","guid":{"rendered":"https:\/\/tpohotelariaecasa.pt\/index.php\/product\/forno-de-conveccao-grelha-adapta-se-4-tabuleiros-temporizador-incorporado-ate-300c\/"},"modified":"2025-04-03T09:10:11","modified_gmt":"2025-04-03T09:10:11","slug":"forno-de-conveccao-grelha-adapta-se-4-tabuleiros-temporizador-incorporado-ate-300c","status":"publish","type":"product","link":"https:\/\/tpohotelariaecasa.pt\/index.php\/product\/forno-de-conveccao-grelha-adapta-se-4-tabuleiros-temporizador-incorporado-ate-300c\/","title":{"rendered":"Forno de Convec\u00e7\u00e3o &#8211; Grelha &#8211; Adapta-se 4 Tabuleiros &#8211; Temporizador Incorporado &#8211; At\u00e9 300\u00b0C"},"content":{"rendered":"","protected":false},"excerpt":{"rendered":"<p>Com este forno de convec\u00e7\u00e3o, pode aquecer, cozer, assar e grelhar para criar os pratos mais deliciosos. \u00c9 um forno de convec\u00e7\u00e3o ideal para ser utilizado em qualquer estabelecimento de restaura\u00e7\u00e3o e padaria. O forno tem quatro tabuleiros e, com o term\u00f3stato de f\u00e1cil utiliza\u00e7\u00e3o, pode definir temperaturas at\u00e9 300\u00baC. consulte Mais informa\u00e7\u00e3o<\/p>\n","protected":false},"featured_media":9489586,"comment_status":"open","ping_status":"closed","template":"","meta":[],"product_cat":[88,21],"product_tag":[],"class_list":["post-9489587","product","type-product","status-publish","has-post-thumbnail","hentry","product_cat-fornos","product_cat-restauracao","product_shipping_class-gph"],"_links":{"self":[{"href":"https:\/\/tpohotelariaecasa.pt\/index.php\/wp-json\/wp\/v2\/product\/9489587"}],"collection":[{"href":"https:\/\/tpohotelariaecasa.pt\/index.php\/wp-json\/wp\/v2\/product"}],"about":[{"href":"https:\/\/tpohotelariaecasa.pt\/index.php\/wp-json\/wp\/v2\/types\/product"}],"replies":[{"embeddable":true,"href":"https:\/\/tpohotelariaecasa.pt\/index.php\/wp-json\/wp\/v2\/comments?post=9489587"}],"wp:featuredmedia":[{"embeddable":true,"href":"https:\/\/tpohotelariaecasa.pt\/index.php\/wp-json\/wp\/v2\/media\/9489586"}],"wp:attachment":[{"href":"https:\/\/tpohotelariaecasa.pt\/index.php\/wp-json\/wp\/v2\/media?parent=9489587"}],"wp:term":[{"taxonomy":"product_cat","embeddable":true,"href":"https:\/\/tpohotelariaecasa.pt\/index.php\/wp-json\/wp\/v2\/product_cat?post=9489587"},{"taxonomy":"product_tag","embeddable":true,"href":"https:\/\/tpohotelariaecasa.pt\/index.php\/wp-json\/wp\/v2\/product_tag?post=9489587"}],"curies":[{"name":"wp","href":"https:\/\/api.w.org\/{rel}","templated":true}]}}