{"id":9489589,"date":"2025-03-18T16:27:07","date_gmt":"2025-03-18T16:27:07","guid":{"rendered":"https:\/\/tpohotelariaecasa.pt\/index.php\/product\/balcao-congelador-136-cm-2-portas\/"},"modified":"2025-04-03T09:10:11","modified_gmt":"2025-04-03T09:10:11","slug":"balcao-congelador-136-cm-2-portas","status":"publish","type":"product","link":"https:\/\/tpohotelariaecasa.pt\/index.php\/product\/balcao-congelador-136-cm-2-portas\/","title":{"rendered":"Balc\u00e3o Congelador &#8211; 136 cm &#8211; 2 Portas"},"content":{"rendered":"","protected":false},"excerpt":{"rendered":"<p>Este frigor\u00edfico de alta qualidade tem um design luxuoso e uma capacidade total de 187L. A constru\u00e7\u00e3o \u00e9 feita inteiramente de a\u00e7o inoxid\u00e1vel, incluindo a bancada, tornando-a dur\u00e1vel e f\u00e1cil de limpar. Este eletrodom\u00e9stico inclui um controlador digital de temperatura para facilitar a utiliza\u00e7\u00e3o, bem como prateleiras ajust\u00e1veis em altura. consulte Mais informa\u00e7\u00e3o<\/p>\n","protected":false},"featured_media":9489588,"comment_status":"open","ping_status":"closed","template":"","meta":[],"product_cat":[21,72],"product_tag":[],"class_list":["post-9489589","product","type-product","status-publish","has-post-thumbnail","hentry","product_cat-restauracao","product_cat-bancada-de-congelao","product_shipping_class-gph"],"_links":{"self":[{"href":"https:\/\/tpohotelariaecasa.pt\/index.php\/wp-json\/wp\/v2\/product\/9489589"}],"collection":[{"href":"https:\/\/tpohotelariaecasa.pt\/index.php\/wp-json\/wp\/v2\/product"}],"about":[{"href":"https:\/\/tpohotelariaecasa.pt\/index.php\/wp-json\/wp\/v2\/types\/product"}],"replies":[{"embeddable":true,"href":"https:\/\/tpohotelariaecasa.pt\/index.php\/wp-json\/wp\/v2\/comments?post=9489589"}],"wp:featuredmedia":[{"embeddable":true,"href":"https:\/\/tpohotelariaecasa.pt\/index.php\/wp-json\/wp\/v2\/media\/9489588"}],"wp:attachment":[{"href":"https:\/\/tpohotelariaecasa.pt\/index.php\/wp-json\/wp\/v2\/media?parent=9489589"}],"wp:term":[{"taxonomy":"product_cat","embeddable":true,"href":"https:\/\/tpohotelariaecasa.pt\/index.php\/wp-json\/wp\/v2\/product_cat?post=9489589"},{"taxonomy":"product_tag","embeddable":true,"href":"https:\/\/tpohotelariaecasa.pt\/index.php\/wp-json\/wp\/v2\/product_tag?post=9489589"}],"curies":[{"name":"wp","href":"https:\/\/api.w.org\/{rel}","templated":true}]}}