{"id":9489591,"date":"2025-03-18T16:27:07","date_gmt":"2025-03-18T16:27:07","guid":{"rendered":"https:\/\/tpohotelariaecasa.pt\/index.php\/product\/balcao-congelador-223-cm-4-portas\/"},"modified":"2025-04-03T09:10:11","modified_gmt":"2025-04-03T09:10:11","slug":"balcao-congelador-223-cm-4-portas","status":"publish","type":"product","link":"https:\/\/tpohotelariaecasa.pt\/index.php\/product\/balcao-congelador-223-cm-4-portas\/","title":{"rendered":"Balc\u00e3o Congelador &#8211; 223 cm &#8211; 4 Portas"},"content":{"rendered":"","protected":false},"excerpt":{"rendered":"<p>Esta espa\u00e7osa bancada de trabalho para congelador tem uma capacidade de 553 litros. A parte superior \u00e9 uma bancada espa\u00e7osa de 223 x 70 cm onde pode cortar ingredientes ou preparar pratos. A bancada de congela\u00e7\u00e3o tem quatro portas robustas e \u00e9 fornecida com quatro grelhas. consulte Mais informa\u00e7\u00e3o<\/p>\n","protected":false},"featured_media":9489590,"comment_status":"open","ping_status":"closed","template":"","meta":[],"product_cat":[21,72],"product_tag":[],"class_list":["post-9489591","product","type-product","status-publish","has-post-thumbnail","hentry","product_cat-restauracao","product_cat-bancada-de-congelao","product_shipping_class-gph"],"_links":{"self":[{"href":"https:\/\/tpohotelariaecasa.pt\/index.php\/wp-json\/wp\/v2\/product\/9489591"}],"collection":[{"href":"https:\/\/tpohotelariaecasa.pt\/index.php\/wp-json\/wp\/v2\/product"}],"about":[{"href":"https:\/\/tpohotelariaecasa.pt\/index.php\/wp-json\/wp\/v2\/types\/product"}],"replies":[{"embeddable":true,"href":"https:\/\/tpohotelariaecasa.pt\/index.php\/wp-json\/wp\/v2\/comments?post=9489591"}],"wp:featuredmedia":[{"embeddable":true,"href":"https:\/\/tpohotelariaecasa.pt\/index.php\/wp-json\/wp\/v2\/media\/9489590"}],"wp:attachment":[{"href":"https:\/\/tpohotelariaecasa.pt\/index.php\/wp-json\/wp\/v2\/media?parent=9489591"}],"wp:term":[{"taxonomy":"product_cat","embeddable":true,"href":"https:\/\/tpohotelariaecasa.pt\/index.php\/wp-json\/wp\/v2\/product_cat?post=9489591"},{"taxonomy":"product_tag","embeddable":true,"href":"https:\/\/tpohotelariaecasa.pt\/index.php\/wp-json\/wp\/v2\/product_tag?post=9489591"}],"curies":[{"name":"wp","href":"https:\/\/api.w.org\/{rel}","templated":true}]}}