{"id":9489605,"date":"2025-03-18T16:27:12","date_gmt":"2025-03-18T16:27:12","guid":{"rendered":"https:\/\/tpohotelariaecasa.pt\/index.php\/product\/fritadeira-10-l-1-cesto-com-torneira-de-drenagem\/"},"modified":"2025-04-03T09:10:11","modified_gmt":"2025-04-03T09:10:11","slug":"fritadeira-10-l-1-cesto-com-torneira-de-drenagem","status":"publish","type":"product","link":"https:\/\/tpohotelariaecasa.pt\/index.php\/product\/fritadeira-10-l-1-cesto-com-torneira-de-drenagem\/","title":{"rendered":"Fritadeira &#8211; 10 l &#8211; 1 Cesto &#8211; com Torneira de Drenagem"},"content":{"rendered":"","protected":false},"excerpt":{"rendered":"<p>Esta fritadeira grande com uma capacidade de 10 litros \u00e9 adequada para uma utiliza\u00e7\u00e3o extensiva na cozinha de restaura\u00e7\u00e3o. Com a pr\u00e1tica torneira de escoamento, o \u00f3leo usado pode ser substitu\u00eddo r\u00e1pida e facilmente. consulte Mais informa\u00e7\u00e3o<\/p>\n","protected":false},"featured_media":9489604,"comment_status":"open","ping_status":"closed","template":"","meta":[],"product_cat":[792,793,788,21,89],"product_tag":[],"class_list":["post-9489605","product","type-product","status-publish","has-post-thumbnail","hentry","product_cat-mais-vendidos","product_cat-fritadeiras-equipcafebar","product_cat-equipcafebar","product_cat-restauracao","product_cat-fritadeiras","product_shipping_class-pph"],"_links":{"self":[{"href":"https:\/\/tpohotelariaecasa.pt\/index.php\/wp-json\/wp\/v2\/product\/9489605"}],"collection":[{"href":"https:\/\/tpohotelariaecasa.pt\/index.php\/wp-json\/wp\/v2\/product"}],"about":[{"href":"https:\/\/tpohotelariaecasa.pt\/index.php\/wp-json\/wp\/v2\/types\/product"}],"replies":[{"embeddable":true,"href":"https:\/\/tpohotelariaecasa.pt\/index.php\/wp-json\/wp\/v2\/comments?post=9489605"}],"wp:featuredmedia":[{"embeddable":true,"href":"https:\/\/tpohotelariaecasa.pt\/index.php\/wp-json\/wp\/v2\/media\/9489604"}],"wp:attachment":[{"href":"https:\/\/tpohotelariaecasa.pt\/index.php\/wp-json\/wp\/v2\/media?parent=9489605"}],"wp:term":[{"taxonomy":"product_cat","embeddable":true,"href":"https:\/\/tpohotelariaecasa.pt\/index.php\/wp-json\/wp\/v2\/product_cat?post=9489605"},{"taxonomy":"product_tag","embeddable":true,"href":"https:\/\/tpohotelariaecasa.pt\/index.php\/wp-json\/wp\/v2\/product_tag?post=9489605"}],"curies":[{"name":"wp","href":"https:\/\/api.w.org\/{rel}","templated":true}]}}