{"id":9489619,"date":"2025-03-18T16:27:16","date_gmt":"2025-03-18T16:27:16","guid":{"rendered":"https:\/\/tpohotelariaecasa.pt\/index.php\/product\/cesto-para-talheres-para-a-maquina-de-lavar-loica-redondo\/"},"modified":"2025-04-03T09:10:10","modified_gmt":"2025-04-03T09:10:10","slug":"cesto-para-talheres-para-a-maquina-de-lavar-loica-redondo","status":"publish","type":"product","link":"https:\/\/tpohotelariaecasa.pt\/index.php\/product\/cesto-para-talheres-para-a-maquina-de-lavar-loica-redondo\/","title":{"rendered":"Cesto para talheres para a m\u00e1quina de lavar loi\u00e7a &#8211; Redondo"},"content":{"rendered":"","protected":false},"excerpt":{"rendered":"<p>Cesto para talheres para a m\u00e1quina de lavar loi\u00e7a &#8211; Redondo consulte Mais informa\u00e7\u00e3o<\/p>\n","protected":false},"featured_media":9489618,"comment_status":"open","ping_status":"closed","template":"","meta":[],"product_cat":[21,111],"product_tag":[],"class_list":["post-9489619","product","type-product","status-publish","has-post-thumbnail","hentry","product_cat-restauracao","product_cat-mquinas-de-lavar-loua","product_shipping_class-pph"],"_links":{"self":[{"href":"https:\/\/tpohotelariaecasa.pt\/index.php\/wp-json\/wp\/v2\/product\/9489619"}],"collection":[{"href":"https:\/\/tpohotelariaecasa.pt\/index.php\/wp-json\/wp\/v2\/product"}],"about":[{"href":"https:\/\/tpohotelariaecasa.pt\/index.php\/wp-json\/wp\/v2\/types\/product"}],"replies":[{"embeddable":true,"href":"https:\/\/tpohotelariaecasa.pt\/index.php\/wp-json\/wp\/v2\/comments?post=9489619"}],"wp:featuredmedia":[{"embeddable":true,"href":"https:\/\/tpohotelariaecasa.pt\/index.php\/wp-json\/wp\/v2\/media\/9489618"}],"wp:attachment":[{"href":"https:\/\/tpohotelariaecasa.pt\/index.php\/wp-json\/wp\/v2\/media?parent=9489619"}],"wp:term":[{"taxonomy":"product_cat","embeddable":true,"href":"https:\/\/tpohotelariaecasa.pt\/index.php\/wp-json\/wp\/v2\/product_cat?post=9489619"},{"taxonomy":"product_tag","embeddable":true,"href":"https:\/\/tpohotelariaecasa.pt\/index.php\/wp-json\/wp\/v2\/product_tag?post=9489619"}],"curies":[{"name":"wp","href":"https:\/\/api.w.org\/{rel}","templated":true}]}}