{"id":9496377,"date":"2025-03-20T08:03:32","date_gmt":"2025-03-20T08:03:32","guid":{"rendered":"https:\/\/tpohotelariaecasa.pt\/index.php\/product\/maquina-de-gofres-3-pecas-vagina-rotativa\/"},"modified":"2025-04-03T09:10:13","modified_gmt":"2025-04-03T09:10:13","slug":"maquina-de-gofres-3-pecas-vagina-rotativa","status":"publish","type":"product","link":"https:\/\/tpohotelariaecasa.pt\/index.php\/product\/maquina-de-gofres-3-pecas-vagina-rotativa\/","title":{"rendered":"M\u00e1quina de Gofres &#8211; 3 Pe\u00e7as &#8211; Vagina &#8211; Rotativa"},"content":{"rendered":"","protected":false},"excerpt":{"rendered":"<p>Surpreenda os seus convidados e sirva um tipo diferente de waffle: um waffle com a forma de uma vagina. Com esta m\u00e1quina de gaufres el\u00e9ctrica de qualidade pode criar tr\u00eas deliciosos gaufres em forma de vagina ao mesmo tempo. Fazem um \u00f3ptimo petisco para festas. consulte Mais informa\u00e7\u00e3o<\/p>\n","protected":false},"featured_media":9496376,"comment_status":"open","ping_status":"closed","template":"","meta":[],"product_cat":[21,87],"product_tag":[],"class_list":["post-9496377","product","type-product","status-publish","has-post-thumbnail","hentry","product_cat-restauracao","product_cat-mquina-de-waffles","product_shipping_class-pph"],"_links":{"self":[{"href":"https:\/\/tpohotelariaecasa.pt\/index.php\/wp-json\/wp\/v2\/product\/9496377"}],"collection":[{"href":"https:\/\/tpohotelariaecasa.pt\/index.php\/wp-json\/wp\/v2\/product"}],"about":[{"href":"https:\/\/tpohotelariaecasa.pt\/index.php\/wp-json\/wp\/v2\/types\/product"}],"replies":[{"embeddable":true,"href":"https:\/\/tpohotelariaecasa.pt\/index.php\/wp-json\/wp\/v2\/comments?post=9496377"}],"wp:featuredmedia":[{"embeddable":true,"href":"https:\/\/tpohotelariaecasa.pt\/index.php\/wp-json\/wp\/v2\/media\/9496376"}],"wp:attachment":[{"href":"https:\/\/tpohotelariaecasa.pt\/index.php\/wp-json\/wp\/v2\/media?parent=9496377"}],"wp:term":[{"taxonomy":"product_cat","embeddable":true,"href":"https:\/\/tpohotelariaecasa.pt\/index.php\/wp-json\/wp\/v2\/product_cat?post=9496377"},{"taxonomy":"product_tag","embeddable":true,"href":"https:\/\/tpohotelariaecasa.pt\/index.php\/wp-json\/wp\/v2\/product_tag?post=9496377"}],"curies":[{"name":"wp","href":"https:\/\/api.w.org\/{rel}","templated":true}]}}