{"id":9496391,"date":"2025-03-20T08:03:38","date_gmt":"2025-03-20T08:03:38","guid":{"rendered":"https:\/\/tpohotelariaecasa.pt\/index.php\/product\/heavy-duty-placa-de-grelhar-ranhurado-unidade-dupla-70-cm-de-profundidade-gas\/"},"modified":"2025-04-03T09:10:13","modified_gmt":"2025-04-03T09:10:13","slug":"heavy-duty-placa-de-grelhar-ranhurado-unidade-dupla-70-cm-de-profundidade-gas","status":"publish","type":"product","link":"https:\/\/tpohotelariaecasa.pt\/index.php\/product\/heavy-duty-placa-de-grelhar-ranhurado-unidade-dupla-70-cm-de-profundidade-gas\/","title":{"rendered":"Heavy Duty Placa de Grelhar &#8211; Ranhurado &#8211; Unidade Dupla &#8211; 70 cm de Profundidade &#8211; G\u00e1s"},"content":{"rendered":"","protected":false},"excerpt":{"rendered":"<p>A pesada e dupla chapa de rede funciona a g\u00e1s e \u00e9 uma central de energia entre as chapas de rede em oferta na Maxima. \u00c9 um aparelho de alta qualidade, adequado para uso di\u00e1rio numa linha de cozedura e \u00e9 fabricado inteiramente em a\u00e7o inoxid\u00e1vel, com um luxuoso acabamento acetinado. consulte Mais informa\u00e7\u00e3o<\/p>\n","protected":false},"featured_media":9496390,"comment_status":"open","ping_status":"closed","template":"","meta":[],"product_cat":[792,794,97,140,788,21],"product_tag":[],"class_list":["post-9496391","product","type-product","status-publish","has-post-thumbnail","hentry","product_cat-mais-vendidos","product_cat-placas-de-grelhar","product_cat-placas-para-grelhar","product_cat-cozedura-aquecimento","product_cat-equipcafebar","product_cat-restauracao","product_shipping_class-gph"],"_links":{"self":[{"href":"https:\/\/tpohotelariaecasa.pt\/index.php\/wp-json\/wp\/v2\/product\/9496391"}],"collection":[{"href":"https:\/\/tpohotelariaecasa.pt\/index.php\/wp-json\/wp\/v2\/product"}],"about":[{"href":"https:\/\/tpohotelariaecasa.pt\/index.php\/wp-json\/wp\/v2\/types\/product"}],"replies":[{"embeddable":true,"href":"https:\/\/tpohotelariaecasa.pt\/index.php\/wp-json\/wp\/v2\/comments?post=9496391"}],"wp:featuredmedia":[{"embeddable":true,"href":"https:\/\/tpohotelariaecasa.pt\/index.php\/wp-json\/wp\/v2\/media\/9496390"}],"wp:attachment":[{"href":"https:\/\/tpohotelariaecasa.pt\/index.php\/wp-json\/wp\/v2\/media?parent=9496391"}],"wp:term":[{"taxonomy":"product_cat","embeddable":true,"href":"https:\/\/tpohotelariaecasa.pt\/index.php\/wp-json\/wp\/v2\/product_cat?post=9496391"},{"taxonomy":"product_tag","embeddable":true,"href":"https:\/\/tpohotelariaecasa.pt\/index.php\/wp-json\/wp\/v2\/product_tag?post=9496391"}],"curies":[{"name":"wp","href":"https:\/\/api.w.org\/{rel}","templated":true}]}}