{"id":9496519,"date":"2025-03-20T11:09:39","date_gmt":"2025-03-20T11:09:39","guid":{"rendered":"https:\/\/tpohotelariaecasa.pt\/index.php\/product\/vitrine-refrigerada-98-l-43-cm\/"},"modified":"2025-04-03T09:10:14","modified_gmt":"2025-04-03T09:10:14","slug":"vitrine-refrigerada-98-l-43-cm","status":"publish","type":"product","link":"https:\/\/tpohotelariaecasa.pt\/index.php\/product\/vitrine-refrigerada-98-l-43-cm\/","title":{"rendered":"Vitrine Refrigerada &#8211; 98 l &#8211; 43 cm"},"content":{"rendered":"","protected":false},"excerpt":{"rendered":"<p>Com uma capacidade de 98 litros, esta vitrina profissional de p\u00e9 refrigerada \u00e9 muito adequada para a refrigera\u00e7\u00e3o e apresenta\u00e7\u00e3o de produtos. A temperatura \u00e9 f\u00e1cil de regular atrav\u00e9s do controlador digital de temperatura para que os produtos permane\u00e7am frescos. consulte Mais informa\u00e7\u00e3o<\/p>\n","protected":false},"featured_media":9496518,"comment_status":"open","ping_status":"closed","template":"","meta":[],"product_cat":[81,21,138],"product_tag":[],"class_list":["post-9496519","product","type-product","status-publish","has-post-thumbnail","hentry","product_cat-vitrine-refrigerada","product_cat-restauracao","product_cat-frio-industrial","product_shipping_class-gph"],"_links":{"self":[{"href":"https:\/\/tpohotelariaecasa.pt\/index.php\/wp-json\/wp\/v2\/product\/9496519"}],"collection":[{"href":"https:\/\/tpohotelariaecasa.pt\/index.php\/wp-json\/wp\/v2\/product"}],"about":[{"href":"https:\/\/tpohotelariaecasa.pt\/index.php\/wp-json\/wp\/v2\/types\/product"}],"replies":[{"embeddable":true,"href":"https:\/\/tpohotelariaecasa.pt\/index.php\/wp-json\/wp\/v2\/comments?post=9496519"}],"wp:featuredmedia":[{"embeddable":true,"href":"https:\/\/tpohotelariaecasa.pt\/index.php\/wp-json\/wp\/v2\/media\/9496518"}],"wp:attachment":[{"href":"https:\/\/tpohotelariaecasa.pt\/index.php\/wp-json\/wp\/v2\/media?parent=9496519"}],"wp:term":[{"taxonomy":"product_cat","embeddable":true,"href":"https:\/\/tpohotelariaecasa.pt\/index.php\/wp-json\/wp\/v2\/product_cat?post=9496519"},{"taxonomy":"product_tag","embeddable":true,"href":"https:\/\/tpohotelariaecasa.pt\/index.php\/wp-json\/wp\/v2\/product_tag?post=9496519"}],"curies":[{"name":"wp","href":"https:\/\/api.w.org\/{rel}","templated":true}]}}