{"id":9496521,"date":"2025-03-20T11:09:40","date_gmt":"2025-03-20T11:09:40","guid":{"rendered":"https:\/\/tpohotelariaecasa.pt\/index.php\/product\/expositor-de-pastelaria-100-l-48-cm-redondo\/"},"modified":"2025-04-03T09:10:14","modified_gmt":"2025-04-03T09:10:14","slug":"expositor-de-pastelaria-100-l-48-cm-redondo","status":"publish","type":"product","link":"https:\/\/tpohotelariaecasa.pt\/index.php\/product\/expositor-de-pastelaria-100-l-48-cm-redondo\/","title":{"rendered":"Expositor de Pastelaria &#8211; 100 l &#8211; 48 cm &#8211; Redondo"},"content":{"rendered":"","protected":false},"excerpt":{"rendered":"<p>Este frigor\u00edfico de exposi\u00e7\u00e3o redonda com capacidade de 100 litros \u00e9 ideal para refrigerar e apresentar bolos, tartes e outros produtos de pastelaria. A temperatura pode ser regulada manualmente para que esteja sempre exactamente \u00e0 temperatura certa. consulte Mais informa\u00e7\u00e3o<\/p>\n","protected":false},"featured_media":9496520,"comment_status":"open","ping_status":"closed","template":"","meta":[],"product_cat":[81,21,138],"product_tag":[],"class_list":["post-9496521","product","type-product","status-publish","has-post-thumbnail","hentry","product_cat-vitrine-refrigerada","product_cat-restauracao","product_cat-frio-industrial","product_shipping_class-gph"],"_links":{"self":[{"href":"https:\/\/tpohotelariaecasa.pt\/index.php\/wp-json\/wp\/v2\/product\/9496521"}],"collection":[{"href":"https:\/\/tpohotelariaecasa.pt\/index.php\/wp-json\/wp\/v2\/product"}],"about":[{"href":"https:\/\/tpohotelariaecasa.pt\/index.php\/wp-json\/wp\/v2\/types\/product"}],"replies":[{"embeddable":true,"href":"https:\/\/tpohotelariaecasa.pt\/index.php\/wp-json\/wp\/v2\/comments?post=9496521"}],"wp:featuredmedia":[{"embeddable":true,"href":"https:\/\/tpohotelariaecasa.pt\/index.php\/wp-json\/wp\/v2\/media\/9496520"}],"wp:attachment":[{"href":"https:\/\/tpohotelariaecasa.pt\/index.php\/wp-json\/wp\/v2\/media?parent=9496521"}],"wp:term":[{"taxonomy":"product_cat","embeddable":true,"href":"https:\/\/tpohotelariaecasa.pt\/index.php\/wp-json\/wp\/v2\/product_cat?post=9496521"},{"taxonomy":"product_tag","embeddable":true,"href":"https:\/\/tpohotelariaecasa.pt\/index.php\/wp-json\/wp\/v2\/product_tag?post=9496521"}],"curies":[{"name":"wp","href":"https:\/\/api.w.org\/{rel}","templated":true}]}}