{"id":9496523,"date":"2025-03-20T11:09:41","date_gmt":"2025-03-20T11:09:41","guid":{"rendered":"https:\/\/tpohotelariaecasa.pt\/index.php\/product\/rolo-de-massa-o45-cm-rolo-simples\/"},"modified":"2025-04-03T09:10:14","modified_gmt":"2025-04-03T09:10:14","slug":"rolo-de-massa-o45-cm-rolo-simples","status":"publish","type":"product","link":"https:\/\/tpohotelariaecasa.pt\/index.php\/product\/rolo-de-massa-o45-cm-rolo-simples\/","title":{"rendered":"Rolo de Massa &#8211; \u00d845 cm &#8211; Rolo Simples"},"content":{"rendered":"","protected":false},"excerpt":{"rendered":"<p>Com este \u00fanico rolo de pizza, pode enrolar as bases de pizza perfeitas at\u00e9 45cm de di\u00e2metro. A massa n\u00e3o aquece e com o pedal fornecido as m\u00e3os ficam livres para passar a massa atrav\u00e9s do rolo de pastel. consulte Mais informa\u00e7\u00e3o<\/p>\n","protected":false},"featured_media":9496522,"comment_status":"open","ping_status":"closed","template":"","meta":[],"product_cat":[21,128],"product_tag":[],"class_list":["post-9496523","product","type-product","status-publish","has-post-thumbnail","hentry","product_cat-restauracao","product_cat-rolos-de-massa","product_shipping_class-gph"],"_links":{"self":[{"href":"https:\/\/tpohotelariaecasa.pt\/index.php\/wp-json\/wp\/v2\/product\/9496523"}],"collection":[{"href":"https:\/\/tpohotelariaecasa.pt\/index.php\/wp-json\/wp\/v2\/product"}],"about":[{"href":"https:\/\/tpohotelariaecasa.pt\/index.php\/wp-json\/wp\/v2\/types\/product"}],"replies":[{"embeddable":true,"href":"https:\/\/tpohotelariaecasa.pt\/index.php\/wp-json\/wp\/v2\/comments?post=9496523"}],"wp:featuredmedia":[{"embeddable":true,"href":"https:\/\/tpohotelariaecasa.pt\/index.php\/wp-json\/wp\/v2\/media\/9496522"}],"wp:attachment":[{"href":"https:\/\/tpohotelariaecasa.pt\/index.php\/wp-json\/wp\/v2\/media?parent=9496523"}],"wp:term":[{"taxonomy":"product_cat","embeddable":true,"href":"https:\/\/tpohotelariaecasa.pt\/index.php\/wp-json\/wp\/v2\/product_cat?post=9496523"},{"taxonomy":"product_tag","embeddable":true,"href":"https:\/\/tpohotelariaecasa.pt\/index.php\/wp-json\/wp\/v2\/product_tag?post=9496523"}],"curies":[{"name":"wp","href":"https:\/\/api.w.org\/{rel}","templated":true}]}}