{"id":9496644,"date":"2025-04-03T07:45:02","date_gmt":"2025-04-03T07:45:02","guid":{"rendered":"https:\/\/tpohotelariaecasa.pt\/?post_type=product&#038;p=9496644"},"modified":"2025-04-03T09:10:16","modified_gmt":"2025-04-03T09:10:16","slug":"grelhador-de-contacto-ranhurado-placa-de-grelhar-dupla-2-x-22-cm-2","status":"publish","type":"product","link":"https:\/\/tpohotelariaecasa.pt\/index.php\/product\/grelhador-de-contacto-ranhurado-placa-de-grelhar-dupla-2-x-22-cm-2\/","title":{"rendered":"Grelhador de Contacto &#8211; Ranhurado &#8211; Placa de Grelhar Dupla &#8211; 2 x 22 cm"},"content":{"rendered":"<p><strong>Carater\u00edsticas<\/strong><\/p>\n<ul>\n<li>Caixa e pega em a\u00e7o inoxid\u00e1vel<\/li>\n<li>Equipado com tabuleiro de recolha de gotas e luz indicadora de temperatura<\/li>\n<li>Distribui\u00e7\u00e3o \u00f3ptima do calor<\/li>\n<li>Term\u00f3stato vari\u00e1vel de 50\u00b0C a 300\u00b0C<\/li>\n<li>Inclui uma escova de limpeza<\/li>\n<\/ul>\n<p><strong>Especifica\u00e7\u00f5es do produto<\/strong><\/p>\n<ul>\n<li>Peso l\u00edquido: 24 kg<\/li>\n<li>Dimens\u00f5es: L57 x P30,5 x A21cm<\/li>\n<li>Placas do grelhador superior: B21,4 x D21,4cm<\/li>\n<li>Placas inferiores do grelhador: B22 x D23,5cm<\/li>\n<li>230V\/50Hz\/1Fase 2 x 1800W<\/li>\n<\/ul>\n","protected":false},"excerpt":{"rendered":"<p>Carater\u00edsticas Caixa e pega em a\u00e7o inoxid\u00e1vel Equipado com tabuleiro de recolha de gotas e luz indicadora de temperatura Distribui\u00e7\u00e3o \u00f3ptima do calor Term\u00f3stato vari\u00e1vel de 50\u00b0C a 300\u00b0C Inclui uma escova de limpeza Especifica\u00e7\u00f5es do produto Peso l\u00edquido: 24 kg Dimens\u00f5es: L57 x P30,5 x A21cm Placas do grelhador superior: B21,4 x D21,4cm Placas [&hellip;]<\/p>\n","protected":false},"featured_media":9496645,"comment_status":"open","ping_status":"closed","template":"","meta":[],"product_cat":[792,795,788,90],"product_tag":[],"class_list":["post-9496644","product","type-product","status-publish","has-post-thumbnail","hentry","product_cat-mais-vendidos","product_cat-grelhadores-cf","product_cat-equipcafebar","product_cat-grelhadores","product_shipping_class-pph"],"_links":{"self":[{"href":"https:\/\/tpohotelariaecasa.pt\/index.php\/wp-json\/wp\/v2\/product\/9496644"}],"collection":[{"href":"https:\/\/tpohotelariaecasa.pt\/index.php\/wp-json\/wp\/v2\/product"}],"about":[{"href":"https:\/\/tpohotelariaecasa.pt\/index.php\/wp-json\/wp\/v2\/types\/product"}],"replies":[{"embeddable":true,"href":"https:\/\/tpohotelariaecasa.pt\/index.php\/wp-json\/wp\/v2\/comments?post=9496644"}],"wp:featuredmedia":[{"embeddable":true,"href":"https:\/\/tpohotelariaecasa.pt\/index.php\/wp-json\/wp\/v2\/media\/9496645"}],"wp:attachment":[{"href":"https:\/\/tpohotelariaecasa.pt\/index.php\/wp-json\/wp\/v2\/media?parent=9496644"}],"wp:term":[{"taxonomy":"product_cat","embeddable":true,"href":"https:\/\/tpohotelariaecasa.pt\/index.php\/wp-json\/wp\/v2\/product_cat?post=9496644"},{"taxonomy":"product_tag","embeddable":true,"href":"https:\/\/tpohotelariaecasa.pt\/index.php\/wp-json\/wp\/v2\/product_tag?post=9496644"}],"curies":[{"name":"wp","href":"https:\/\/api.w.org\/{rel}","templated":true}]}}